{"id":3458,"date":"2021-09-07T12:44:37","date_gmt":"2021-09-07T15:44:37","guid":{"rendered":"http:\/\/hidrotecni-k.com.ar\/site\/?post_type=product&#038;p=3458"},"modified":"2021-09-07T12:44:37","modified_gmt":"2021-09-07T15:44:37","slug":"bomba-periferica-linea-nero-1-2-3-4","status":"publish","type":"product","link":"https:\/\/hidrotecni-k.com.ar\/site\/producto\/bomba-periferica-linea-nero-1-2-3-4\/","title":{"rendered":"Bomba perif\u00e9rica l\u00ednea Nero 1\/2 &#8211; 3\/4"},"content":{"rendered":"<p>Bomba perif\u00e9rica dise\u00f1ada para elevar agua limpia al tanque, de uso dom\u00e9stico. Tambi\u00e9n puede ser utilizada en lavaderos o para peque\u00f1os jardines. Cuenta con una turbina de bronce ideal para bombear caudales en poco tiempo. Adem\u00e1s posee una altura m\u00e1xima de 33m ,siendo la potencia de 0,5hp y contando con un caudal m\u00e1ximo: 33 L\/min (1980 L\/h &#8211; 1,9 m3\/h).<br \/>\nEl modelo siguiente de 0,75 hp, posee una altura de 45m y cuenta con un caudal m\u00e1ximo: 45 L\/min (2700 L\/h &#8211; 2,7 m3\/h). Estas bombas no son aptas para aguas residuales.<\/p>\n<p><strong>Caracter\u00edsticas de bomba perif\u00e9rica de 1\/2 hp<\/strong><\/p>\n<p>Tensi\u00f3n: 220 V.<br \/>\nAmperaje de consumo: 2,4 A.<br \/>\nPotencia: 0,37 KW \/ 0,5 HP.<br \/>\nAltura m\u00e1xima de elevaci\u00f3n: 33 metros (3 bar).<br \/>\nCaudal m\u00e1ximo entregado: 33 L\/min (1980 L\/h &#8211; 1,9 m3\/h).<br \/>\nSucci\u00f3n m\u00e1xima: 9 metros.<br \/>\nConexi\u00f3n Aspiraci\u00f3n: 1\u201d.<br \/>\nConexi\u00f3n Impulsi\u00f3n: 1\u201d.<br \/>\nProtecci\u00f3n: IP44.<br \/>\nPeso del producto: 5,4 kg.<\/p>\n<p><strong>Caracter\u00edsticas de bomba perif\u00e9rica de 3\/4 hp<\/strong><br \/>\nTensi\u00f3n: 220 V.<br \/>\nAmperaje de consumo: 4,9 A.<br \/>\nPotencia: 0,75 HP.<br \/>\nAltura m\u00e1xima de elevaci\u00f3n: 45 metros (4 bar).<br \/>\nCaudal m\u00e1ximo entregado: 45 L\/min (2700 L\/h &#8211; 2,7 m3\/h).<br \/>\nSucci\u00f3n m\u00e1xima: 9 metros.<br \/>\nConexi\u00f3n Aspiraci\u00f3n: 1\u201d.<br \/>\nConexi\u00f3n Impulsi\u00f3n: 1\u201d.<br \/>\nProtecci\u00f3n: IP44.<br \/>\nPeso del producto: 5,4 kg.<\/p>\n","protected":false},"excerpt":{"rendered":"<p>Bomba perif\u00e9rica dise\u00f1ada para elevar agua limpia al tanque, de uso dom\u00e9stico. Tambi\u00e9n puede ser utilizada en lavaderos o para peque\u00f1os jardines. Cuenta con una turbina de bronce ideal para bombear caudales en poco tiempo. Adem\u00e1s posee una altura m\u00e1xima de 33m ,siendo la potencia de 0,5hp y contando con un caudal m\u00e1ximo: 33 L\/min (1980 L\/h &#8211; 1,9 m3\/h).<br \/>\nEl modelo siguiente de 0,75 hp, posee una altura de 45m y cuenta con un caudal m\u00e1ximo: 45 L\/min (2700 L\/h &#8211; 2,7 m3\/h). Estas bombas no son aptas para aguas residuales.<\/p>\n","protected":false},"featured_media":3460,"comment_status":"open","ping_status":"closed","template":"","meta":[],"product_brand":[],"product_cat":[62,79],"product_tag":[],"class_list":{"0":"post-3458","1":"product","2":"type-product","3":"status-publish","4":"has-post-thumbnail","6":"product_cat-bombas","7":"product_cat-perifericas","9":"first","10":"instock","11":"shipping-taxable","12":"product-type-simple"},"_links":{"self":[{"href":"https:\/\/hidrotecni-k.com.ar\/site\/wp-json\/wp\/v2\/product\/3458","targetHints":{"allow":["GET"]}}],"collection":[{"href":"https:\/\/hidrotecni-k.com.ar\/site\/wp-json\/wp\/v2\/product"}],"about":[{"href":"https:\/\/hidrotecni-k.com.ar\/site\/wp-json\/wp\/v2\/types\/product"}],"replies":[{"embeddable":true,"href":"https:\/\/hidrotecni-k.com.ar\/site\/wp-json\/wp\/v2\/comments?post=3458"}],"wp:featuredmedia":[{"embeddable":true,"href":"https:\/\/hidrotecni-k.com.ar\/site\/wp-json\/wp\/v2\/media\/3460"}],"wp:attachment":[{"href":"https:\/\/hidrotecni-k.com.ar\/site\/wp-json\/wp\/v2\/media?parent=3458"}],"wp:term":[{"taxonomy":"product_brand","embeddable":true,"href":"https:\/\/hidrotecni-k.com.ar\/site\/wp-json\/wp\/v2\/product_brand?post=3458"},{"taxonomy":"product_cat","embeddable":true,"href":"https:\/\/hidrotecni-k.com.ar\/site\/wp-json\/wp\/v2\/product_cat?post=3458"},{"taxonomy":"product_tag","embeddable":true,"href":"https:\/\/hidrotecni-k.com.ar\/site\/wp-json\/wp\/v2\/product_tag?post=3458"}],"curies":[{"name":"wp","href":"https:\/\/api.w.org\/{rel}","templated":true}]}}