{"id":3373,"date":"2021-07-21T12:59:20","date_gmt":"2021-07-21T15:59:20","guid":{"rendered":"http:\/\/hidrotecni-k.com.ar\/site\/?post_type=product&#038;p=3373"},"modified":"2021-07-22T09:32:13","modified_gmt":"2021-07-22T12:32:13","slug":"presurizadora-tango-sfl9","status":"publish","type":"product","link":"https:\/\/hidrotecni-k.com.ar\/site\/producto\/presurizadora-tango-sfl9\/","title":{"rendered":"Presurizadora Tango SFL9"},"content":{"rendered":"<p>La bomba posee la funci\u00f3n de aumentar la presi\u00f3n de agua desde el tanque elevado, en el momento en que se abre un grifo o ducha. Al cerrarlos, el equipo se apaga, quedando el sistema SIN PRESURIZACI\u00d3N. La misma es completamente silenciosa al trabajar, por lo que es adecuada para colocarla en viviendas residenciales con un m\u00e1ximo de 2 duchas y con una altura agregada al tanque elevado de 9 mts. Cuenta con una presi\u00f3n m\u00e1xima de 4Kg\/cm\u00b2, un caudal m\u00e1ximo de 1800 l\/h y un protector t\u00e9rmico incorporado.<\/p>\n<p>Caracter\u00edsticas<br \/>\nEntrada y salida de 1&#8243;<br \/>\nBobinado protegido contra funcionamiento en seco, se apaga autom\u00e1ticamente<br \/>\nTensiones disponibles: 220V<br \/>\nTemperatura m\u00e1xima del agua: 40\u00baC<br \/>\nTemperatura ambiente: 40\u00baC<br \/>\nTipo de aislaci\u00f3n: F<br \/>\nP\u00e9rdida de carga m\u00e1xima en succi\u00f3n: 4 m.c.a.<br \/>\n2 v\u00e1lvulas esf\u00e9ricas con uniones dobles (polipropileno)<br \/>\nConexi\u00f3n el\u00e9ctrica directa a la red<\/p>\n","protected":false},"excerpt":{"rendered":"<p>La bomba posee la funci\u00f3n de aumentar la presi\u00f3n de agua desde el tanque elevado, en el momento en que se abre un grifo o ducha. Al cerrarlos, el equipo se apaga, quedando el sistema SIN PRESURIZACI\u00d3N. La misma es completamente silenciosa al trabajar, por lo que es adecuada para colocarla en viviendas residenciales. Este modelo puede utilizarse para viviendas de hasta 2 duchas. Cuenta con una presi\u00f3n m\u00e1xima de 4Kg\/cm\u00b2 y un protector t\u00e9rmico incorporado.<\/p>\n","protected":false},"featured_media":3374,"comment_status":"open","ping_status":"closed","template":"","meta":[],"product_brand":[],"product_cat":[62,72],"product_tag":[],"class_list":{"0":"post-3373","1":"product","2":"type-product","3":"status-publish","4":"has-post-thumbnail","6":"product_cat-bombas","7":"product_cat-equipos-de-presurizacion","9":"first","10":"instock","11":"shipping-taxable","12":"product-type-simple"},"_links":{"self":[{"href":"https:\/\/hidrotecni-k.com.ar\/site\/wp-json\/wp\/v2\/product\/3373","targetHints":{"allow":["GET"]}}],"collection":[{"href":"https:\/\/hidrotecni-k.com.ar\/site\/wp-json\/wp\/v2\/product"}],"about":[{"href":"https:\/\/hidrotecni-k.com.ar\/site\/wp-json\/wp\/v2\/types\/product"}],"replies":[{"embeddable":true,"href":"https:\/\/hidrotecni-k.com.ar\/site\/wp-json\/wp\/v2\/comments?post=3373"}],"wp:featuredmedia":[{"embeddable":true,"href":"https:\/\/hidrotecni-k.com.ar\/site\/wp-json\/wp\/v2\/media\/3374"}],"wp:attachment":[{"href":"https:\/\/hidrotecni-k.com.ar\/site\/wp-json\/wp\/v2\/media?parent=3373"}],"wp:term":[{"taxonomy":"product_brand","embeddable":true,"href":"https:\/\/hidrotecni-k.com.ar\/site\/wp-json\/wp\/v2\/product_brand?post=3373"},{"taxonomy":"product_cat","embeddable":true,"href":"https:\/\/hidrotecni-k.com.ar\/site\/wp-json\/wp\/v2\/product_cat?post=3373"},{"taxonomy":"product_tag","embeddable":true,"href":"https:\/\/hidrotecni-k.com.ar\/site\/wp-json\/wp\/v2\/product_tag?post=3373"}],"curies":[{"name":"wp","href":"https:\/\/api.w.org\/{rel}","templated":true}]}}