{"id":3350,"date":"2020-07-03T11:21:21","date_gmt":"2020-07-03T14:21:21","guid":{"rendered":"http:\/\/hidrotecni-k.com.ar\/site\/?post_type=product&#038;p=3350"},"modified":"2020-07-03T11:21:21","modified_gmt":"2020-07-03T14:21:21","slug":"bordeadora-de-cesped-gamma","status":"publish","type":"product","link":"https:\/\/hidrotecni-k.com.ar\/site\/producto\/bordeadora-de-cesped-gamma\/","title":{"rendered":"Bordeadora de c\u00e9sped Gamma"},"content":{"rendered":"<p>Bordeadora dise\u00f1ada para uso dom\u00e9stico. Puede ser utilizada para bordear, cortar el c\u00e9sped y barrer con tanza \u00fanicamente. F\u00e1cil de limpiar y de bajo mantenimiento. F\u00e1cil de transportar.<br \/>\nPosee protector de seguridad , empu\u00f1adura oval y eje curvo. Siendo esencial para la seguridad del operador y las personas.<br \/>\nDATOS TECNICOS:<br \/>\nAlimentaci\u00f3n: 220V\/50Hz<br \/>\nPotencia: 1000 W<br \/>\nVelocidad: 7500 RPM<br \/>\nTipo de carrete alimentaci\u00f3n: por golpe. Dos l\u00edneas<br \/>\nDi\u00e1metro de corte: 35 cm de ancho<br \/>\nDi\u00e1metro de tanza: 2mm<\/p>\n","protected":false},"excerpt":{"rendered":"<p>Bordeadora dise\u00f1ada para uso dom\u00e9stico. Puede ser utilizada para bordear, cortar el c\u00e9sped y barrer con tanza \u00fanicamente. F\u00e1cil de limpiar y de bajo mantenimiento. F\u00e1cil de transportar.<br \/>\nPosee protector de seguridad, siendo esencial para la seguridad del operador y las personas. Adem\u00e1s posee empu\u00f1adura oval, motor de 1000W y eje curvo.<\/p>\n","protected":false},"featured_media":3351,"comment_status":"open","ping_status":"closed","template":"","meta":[],"product_brand":[],"product_cat":[123,124],"product_tag":[],"class_list":{"0":"post-3350","1":"product","2":"type-product","3":"status-publish","4":"has-post-thumbnail","6":"product_cat-cortadoras-de-cerco","7":"product_cat-corte-de-cesped-electricas-explosion","9":"first","10":"instock","11":"shipping-taxable","12":"product-type-simple"},"_links":{"self":[{"href":"https:\/\/hidrotecni-k.com.ar\/site\/wp-json\/wp\/v2\/product\/3350","targetHints":{"allow":["GET"]}}],"collection":[{"href":"https:\/\/hidrotecni-k.com.ar\/site\/wp-json\/wp\/v2\/product"}],"about":[{"href":"https:\/\/hidrotecni-k.com.ar\/site\/wp-json\/wp\/v2\/types\/product"}],"replies":[{"embeddable":true,"href":"https:\/\/hidrotecni-k.com.ar\/site\/wp-json\/wp\/v2\/comments?post=3350"}],"wp:featuredmedia":[{"embeddable":true,"href":"https:\/\/hidrotecni-k.com.ar\/site\/wp-json\/wp\/v2\/media\/3351"}],"wp:attachment":[{"href":"https:\/\/hidrotecni-k.com.ar\/site\/wp-json\/wp\/v2\/media?parent=3350"}],"wp:term":[{"taxonomy":"product_brand","embeddable":true,"href":"https:\/\/hidrotecni-k.com.ar\/site\/wp-json\/wp\/v2\/product_brand?post=3350"},{"taxonomy":"product_cat","embeddable":true,"href":"https:\/\/hidrotecni-k.com.ar\/site\/wp-json\/wp\/v2\/product_cat?post=3350"},{"taxonomy":"product_tag","embeddable":true,"href":"https:\/\/hidrotecni-k.com.ar\/site\/wp-json\/wp\/v2\/product_tag?post=3350"}],"curies":[{"name":"wp","href":"https:\/\/api.w.org\/{rel}","templated":true}]}}