{"id":3338,"date":"2019-11-08T12:33:50","date_gmt":"2019-11-08T15:33:50","guid":{"rendered":"http:\/\/hidrotecni-k.com.ar\/site\/?post_type=product&#038;p=3338"},"modified":"2022-10-10T23:07:22","modified_gmt":"2022-10-11T02:07:22","slug":"bomba-presurizadora-grundfos","status":"publish","type":"product","link":"https:\/\/hidrotecni-k.com.ar\/site\/producto\/bomba-presurizadora-grundfos\/","title":{"rendered":"Bomba Presurizadora Grundfos"},"content":{"rendered":"<p>Es una unidad muy compacta que se puede pedir en dos modelos diferentes y se emplea para el aumento de presi\u00f3n en instalaciones que tienen insuficiencia en la misma. La bomba es ideal para departamentos o casas de familia. Gracias a su sensor de flujo magn\u00e9tico, mantiene la ca\u00f1er\u00eda presurizada s\u00f3lo cuando hay consumo de agua. Se puede instalar debajo del tanque de agua, a la entrada de agua del calef\u00f3n o en cualquier lugar de la ca\u00f1er\u00eda donde exista una presi\u00f3n m\u00ednima de 40 gramos.<br \/>\nSu motor es encapsulado y su cuerpo es de hierro fundido, pintado con epoxi, apto para bombear agua potable. Tambi\u00e9n posee una llave selectora para el funcionamiento manual, autom\u00e1tico o en modo apagado. Incluye kits de conexiones.<br \/>\nSoporta una temperatura m\u00e1xima de 95\u00b0C y mide 214 mm x 126 mm x 104 mm.<\/p>\n","protected":false},"excerpt":{"rendered":"<p>Bomba ideal para departamentos o casas de familia. Gracias a su sensor de flujo magn\u00e9tico, mantiene la ca\u00f1er\u00eda presurizada s\u00f3lo cuando hay consumo de agua. Se puede instalar debajo del tanque de agua, a la entrada de agua del calef\u00f3n o en cualquier lugar de la ca\u00f1er\u00eda donde exista una presi\u00f3n m\u00ednima de 40 gramos.<br \/>\nSu motor es encapsulado y su cuerpo es de hierro fundido, pintado con epoxi, apto para bombear agua potable. Tambi\u00e9n posee una llave selectora para el funcionamiento manual, autom\u00e1tico o en modo apagado. Incluye kits de conexiones.<br \/>\nSoporta una temperatura m\u00e1xima de 95\u00b0C y mide 214 mm x 126 mm x 104 mm.<\/p>\n","protected":false},"featured_media":3339,"comment_status":"open","ping_status":"closed","template":"","meta":[],"product_brand":[],"product_cat":[62,72],"product_tag":[],"class_list":{"0":"post-3338","1":"product","2":"type-product","3":"status-publish","4":"has-post-thumbnail","6":"product_cat-bombas","7":"product_cat-equipos-de-presurizacion","9":"first","10":"instock","11":"shipping-taxable","12":"product-type-simple"},"_links":{"self":[{"href":"https:\/\/hidrotecni-k.com.ar\/site\/wp-json\/wp\/v2\/product\/3338","targetHints":{"allow":["GET"]}}],"collection":[{"href":"https:\/\/hidrotecni-k.com.ar\/site\/wp-json\/wp\/v2\/product"}],"about":[{"href":"https:\/\/hidrotecni-k.com.ar\/site\/wp-json\/wp\/v2\/types\/product"}],"replies":[{"embeddable":true,"href":"https:\/\/hidrotecni-k.com.ar\/site\/wp-json\/wp\/v2\/comments?post=3338"}],"wp:featuredmedia":[{"embeddable":true,"href":"https:\/\/hidrotecni-k.com.ar\/site\/wp-json\/wp\/v2\/media\/3339"}],"wp:attachment":[{"href":"https:\/\/hidrotecni-k.com.ar\/site\/wp-json\/wp\/v2\/media?parent=3338"}],"wp:term":[{"taxonomy":"product_brand","embeddable":true,"href":"https:\/\/hidrotecni-k.com.ar\/site\/wp-json\/wp\/v2\/product_brand?post=3338"},{"taxonomy":"product_cat","embeddable":true,"href":"https:\/\/hidrotecni-k.com.ar\/site\/wp-json\/wp\/v2\/product_cat?post=3338"},{"taxonomy":"product_tag","embeddable":true,"href":"https:\/\/hidrotecni-k.com.ar\/site\/wp-json\/wp\/v2\/product_tag?post=3338"}],"curies":[{"name":"wp","href":"https:\/\/api.w.org\/{rel}","templated":true}]}}