{"id":3301,"date":"2019-10-05T12:02:38","date_gmt":"2019-10-05T15:02:38","guid":{"rendered":"http:\/\/hidrotecni-k.com.ar\/site\/?post_type=product&#038;p=3301"},"modified":"2019-10-05T12:02:38","modified_gmt":"2019-10-05T15:02:38","slug":"bomba-sumergible-portatil-3-en-1-lusqtoff","status":"publish","type":"product","link":"https:\/\/hidrotecni-k.com.ar\/site\/producto\/bomba-sumergible-portatil-3-en-1-lusqtoff\/","title":{"rendered":"Bomba Sumergible Port\u00e1til  3 en 1 Lusqtoff"},"content":{"rendered":"<p>La bomba cumple con tres funciones, siendo apta para m\u00faltiples tareas. La misma puede utilizarse como una bomba de aguas sucias normal (base alta de 40mm), como una bomba de aguas limpias normal (base baja de 20mm) y retirando la base, puede trabajar como bomba de succi\u00f3n m\u00e1xima llegando a aspirar un nivel<br \/>\nm\u00ednimo de agua de hasta 1 mm.<br \/>\nEl flotador de la bomba est\u00e1 ajustado de tal manera que una vez haya conectado la bomba, \u00e9sta se pondr\u00e1 en marcha cuando lo necesite.<\/p>\n<p>Se utiliza normalmente en s\u00f3tanos o para vaciar dep\u00f3sitos, piscinas, etc. Posee una potencia de 750 Watts, una elevaci\u00f3n m\u00e1xima de 10 mts y soporta una temperatura m\u00e1xima de 35 \u00baC.\u00a0 Su caudal m\u00e1ximo es de 12000 l\/h.<\/p>\n<p>&nbsp;<\/p>\n","protected":false},"excerpt":{"rendered":"<p>La bomba cumple con tres funciones, siendo apta para m\u00faltiples tareas. La misma puede utilizarse como una bomba de aguas sucias normal (base alta de 40mm), como una bomba de aguas limpias normal (base baja de 20mm) y retirando la base, puede trabajar como bomba de succi\u00f3n m\u00e1xima llegando a aspirar un nivel<br \/>\nm\u00ednimo de agua de hasta 1 mm.<br \/>\nEl flotador de la bomba est\u00e1 ajustado de tal manera que una vez haya conectado la bomba, \u00e9sta se pondr\u00e1 en marcha cuando lo necesite.<\/p>\n<p>Se utiliza normalmente en s\u00f3tanos o para vaciar dep\u00f3sitos, piscinas, etc. Posee una potencia de 750 Watts, una elevaci\u00f3n m\u00e1xima de 10 mts y soporta una temperatura m\u00e1xima de 35 \u00baC.\u00a0 Su caudal m\u00e1ximo es de 12000 l\/h.<\/p>\n","protected":false},"featured_media":3302,"comment_status":"open","ping_status":"closed","template":"","meta":[],"product_brand":[],"product_cat":[62,89],"product_tag":[],"class_list":{"0":"post-3301","1":"product","2":"type-product","3":"status-publish","4":"has-post-thumbnail","6":"product_cat-bombas","7":"product_cat-sumergibles-cloacales-pluviales-trituradoras","9":"first","10":"instock","11":"shipping-taxable","12":"product-type-simple"},"_links":{"self":[{"href":"https:\/\/hidrotecni-k.com.ar\/site\/wp-json\/wp\/v2\/product\/3301","targetHints":{"allow":["GET"]}}],"collection":[{"href":"https:\/\/hidrotecni-k.com.ar\/site\/wp-json\/wp\/v2\/product"}],"about":[{"href":"https:\/\/hidrotecni-k.com.ar\/site\/wp-json\/wp\/v2\/types\/product"}],"replies":[{"embeddable":true,"href":"https:\/\/hidrotecni-k.com.ar\/site\/wp-json\/wp\/v2\/comments?post=3301"}],"wp:featuredmedia":[{"embeddable":true,"href":"https:\/\/hidrotecni-k.com.ar\/site\/wp-json\/wp\/v2\/media\/3302"}],"wp:attachment":[{"href":"https:\/\/hidrotecni-k.com.ar\/site\/wp-json\/wp\/v2\/media?parent=3301"}],"wp:term":[{"taxonomy":"product_brand","embeddable":true,"href":"https:\/\/hidrotecni-k.com.ar\/site\/wp-json\/wp\/v2\/product_brand?post=3301"},{"taxonomy":"product_cat","embeddable":true,"href":"https:\/\/hidrotecni-k.com.ar\/site\/wp-json\/wp\/v2\/product_cat?post=3301"},{"taxonomy":"product_tag","embeddable":true,"href":"https:\/\/hidrotecni-k.com.ar\/site\/wp-json\/wp\/v2\/product_tag?post=3301"}],"curies":[{"name":"wp","href":"https:\/\/api.w.org\/{rel}","templated":true}]}}