{"id":3218,"date":"2019-08-10T11:00:31","date_gmt":"2019-08-10T14:00:31","guid":{"rendered":"http:\/\/hidrotecni-k.com.ar\/site\/?post_type=product&#038;p=3218"},"modified":"2022-06-01T08:28:19","modified_gmt":"2022-06-01T11:28:19","slug":"cascada-palma-78","status":"publish","type":"product","link":"https:\/\/hidrotecni-k.com.ar\/site\/producto\/cascada-palma-78\/","title":{"rendered":"Cascada Palma 78"},"content":{"rendered":"<p>Cascada volum\u00e9trica Palma 78, para vereda con altura de 78 cm.Fabricada en AISI 304, genera una l\u00e1mina de agua vistosa y continua de 50 cm. de ancho hasta el espejo de agua. Su terminaci\u00f3n en pulido brillante destaca y ofrece un distintivo ornamental para su piscina.<\/p>\n","protected":false},"excerpt":{"rendered":"<p>Cascada volum\u00e9trica Palma 78, para vereda con altura de 78 cm.Fabricada en AISI 304, genera una l\u00e1mina de agua vistosa y continua de 50 cm. de ancho hasta el espejo de agua. Su terminaci\u00f3n en pulido brillante destaca y ofrece un distintivo ornamental para su piscina.<\/p>\n","protected":false},"featured_media":3219,"comment_status":"open","ping_status":"closed","template":"","meta":[],"product_brand":[],"product_cat":[62,84],"product_tag":[],"class_list":{"0":"post-3218","1":"product","2":"type-product","3":"status-publish","4":"has-post-thumbnail","6":"product_cat-bombas","7":"product_cat-fuentes-y-cascadas","9":"first","10":"instock","11":"shipping-taxable","12":"product-type-simple"},"_links":{"self":[{"href":"https:\/\/hidrotecni-k.com.ar\/site\/wp-json\/wp\/v2\/product\/3218","targetHints":{"allow":["GET"]}}],"collection":[{"href":"https:\/\/hidrotecni-k.com.ar\/site\/wp-json\/wp\/v2\/product"}],"about":[{"href":"https:\/\/hidrotecni-k.com.ar\/site\/wp-json\/wp\/v2\/types\/product"}],"replies":[{"embeddable":true,"href":"https:\/\/hidrotecni-k.com.ar\/site\/wp-json\/wp\/v2\/comments?post=3218"}],"wp:featuredmedia":[{"embeddable":true,"href":"https:\/\/hidrotecni-k.com.ar\/site\/wp-json\/wp\/v2\/media\/3219"}],"wp:attachment":[{"href":"https:\/\/hidrotecni-k.com.ar\/site\/wp-json\/wp\/v2\/media?parent=3218"}],"wp:term":[{"taxonomy":"product_brand","embeddable":true,"href":"https:\/\/hidrotecni-k.com.ar\/site\/wp-json\/wp\/v2\/product_brand?post=3218"},{"taxonomy":"product_cat","embeddable":true,"href":"https:\/\/hidrotecni-k.com.ar\/site\/wp-json\/wp\/v2\/product_cat?post=3218"},{"taxonomy":"product_tag","embeddable":true,"href":"https:\/\/hidrotecni-k.com.ar\/site\/wp-json\/wp\/v2\/product_tag?post=3218"}],"curies":[{"name":"wp","href":"https:\/\/api.w.org\/{rel}","templated":true}]}}