{"id":2972,"date":"2019-06-25T15:40:07","date_gmt":"2019-06-25T18:40:07","guid":{"rendered":"http:\/\/hidrotecni-k.com.ar\/site\/?post_type=product&#038;p=2972"},"modified":"2019-10-05T11:46:32","modified_gmt":"2019-10-05T14:46:32","slug":"bomba-sumergible-q9001","status":"publish","type":"product","link":"https:\/\/hidrotecni-k.com.ar\/site\/producto\/bomba-sumergible-q9001\/","title":{"rendered":"Bomba sumergible Q9001"},"content":{"rendered":"<p>Bomba sumergible de achique Q9001Vulcano de 900W de potencia y tensi\u00f3n monof\u00e1sica de 230V-50HZ, que permite succionar agua limpia con part\u00edculas de hasta 5mm. \u00c9sta electrobomba impermeabilizada, permite sumergirse hasta 7 mts de profundidad. Su excelencia, radica en su perfecto funcionamiento siendo pr\u00e1cticamente libre de mantenimiento.<\/p>\n","protected":false},"excerpt":{"rendered":"<p>Bomba sumergible de achique Q9001Vulcano de 900W de potencia y tensi\u00f3n monof\u00e1sica de 230V-50HZ, que permite succionar agua limpia con part\u00edculas de hasta 5mm. \u00c9sta electrobomba impermeabilizada, permite sumergirse hasta 7 mts de profundidad. Su excelencia, radica en su perfecto funcionamiento siendo pr\u00e1cticamente libre de mantenimiento.<\/p>\n","protected":false},"featured_media":2973,"comment_status":"open","ping_status":"closed","template":"","meta":[],"product_brand":[],"product_cat":[62,89],"product_tag":[],"class_list":{"0":"post-2972","1":"product","2":"type-product","3":"status-publish","4":"has-post-thumbnail","6":"product_cat-bombas","7":"product_cat-sumergibles-cloacales-pluviales-trituradoras","9":"first","10":"instock","11":"shipping-taxable","12":"product-type-simple"},"_links":{"self":[{"href":"https:\/\/hidrotecni-k.com.ar\/site\/wp-json\/wp\/v2\/product\/2972","targetHints":{"allow":["GET"]}}],"collection":[{"href":"https:\/\/hidrotecni-k.com.ar\/site\/wp-json\/wp\/v2\/product"}],"about":[{"href":"https:\/\/hidrotecni-k.com.ar\/site\/wp-json\/wp\/v2\/types\/product"}],"replies":[{"embeddable":true,"href":"https:\/\/hidrotecni-k.com.ar\/site\/wp-json\/wp\/v2\/comments?post=2972"}],"wp:featuredmedia":[{"embeddable":true,"href":"https:\/\/hidrotecni-k.com.ar\/site\/wp-json\/wp\/v2\/media\/2973"}],"wp:attachment":[{"href":"https:\/\/hidrotecni-k.com.ar\/site\/wp-json\/wp\/v2\/media?parent=2972"}],"wp:term":[{"taxonomy":"product_brand","embeddable":true,"href":"https:\/\/hidrotecni-k.com.ar\/site\/wp-json\/wp\/v2\/product_brand?post=2972"},{"taxonomy":"product_cat","embeddable":true,"href":"https:\/\/hidrotecni-k.com.ar\/site\/wp-json\/wp\/v2\/product_cat?post=2972"},{"taxonomy":"product_tag","embeddable":true,"href":"https:\/\/hidrotecni-k.com.ar\/site\/wp-json\/wp\/v2\/product_tag?post=2972"}],"curies":[{"name":"wp","href":"https:\/\/api.w.org\/{rel}","templated":true}]}}