{"id":2966,"date":"2019-06-25T15:32:09","date_gmt":"2019-06-25T18:32:09","guid":{"rendered":"http:\/\/hidrotecni-k.com.ar\/site\/?post_type=product&#038;p=2966"},"modified":"2019-06-25T15:32:09","modified_gmt":"2019-06-25T18:32:09","slug":"press-control-pca-15","status":"publish","type":"product","link":"https:\/\/hidrotecni-k.com.ar\/site\/producto\/press-control-pca-15\/","title":{"rendered":"Press Control PCA 15"},"content":{"rendered":"<p>Los equipos presurizadores Vulcano, est\u00e1n provistos de press control, dise\u00f1ado para controlar autom\u00e1ticamente el funcionamiento de la bomba, siendo as\u00ed una soluci\u00f3n ideal para aumentar la presi\u00f3n de las tuber\u00edas en instalaciones.<br \/>\nSu funci\u00f3n principal es mantener el sistema dom\u00e9stico de suministro de agua en el estado de funcionamiento a presi\u00f3n constante. Si se produce alguna anomal\u00eda, como por ejemplo, escasez de agua o atasco en tubo de succi\u00f3n, el equipo es capaz de confirmar esta aver\u00eda y al mismo tiempo detener el funcionamiento de la electrobomba.<\/p>\n","protected":false},"excerpt":{"rendered":"<p>Los equipos presurizadores Vulcano, est\u00e1n provistos de press control, dise\u00f1ado para controlar autom\u00e1ticamente el funcionamiento de la bomba, siendo as\u00ed una soluci\u00f3n ideal para aumentar la presi\u00f3n de las tuber\u00edas en instalaciones.<br \/>\nSu funci\u00f3n principal es mantener el sistema dom\u00e9stico de suministro de agua en el estado de funcionamiento a presi\u00f3n constante. Si se produce alguna anomal\u00eda, como por ejemplo, escasez de agua o atasco en tubo de succi\u00f3n, el equipo es capaz de confirmar esta aver\u00eda y al mismo tiempo detener el funcionamiento de la electrobomba.<\/p>\n","protected":false},"featured_media":2967,"comment_status":"open","ping_status":"closed","template":"","meta":[],"product_brand":[],"product_cat":[62,72],"product_tag":[],"class_list":{"0":"post-2966","1":"product","2":"type-product","3":"status-publish","4":"has-post-thumbnail","6":"product_cat-bombas","7":"product_cat-equipos-de-presurizacion","9":"first","10":"instock","11":"shipping-taxable","12":"product-type-simple"},"_links":{"self":[{"href":"https:\/\/hidrotecni-k.com.ar\/site\/wp-json\/wp\/v2\/product\/2966","targetHints":{"allow":["GET"]}}],"collection":[{"href":"https:\/\/hidrotecni-k.com.ar\/site\/wp-json\/wp\/v2\/product"}],"about":[{"href":"https:\/\/hidrotecni-k.com.ar\/site\/wp-json\/wp\/v2\/types\/product"}],"replies":[{"embeddable":true,"href":"https:\/\/hidrotecni-k.com.ar\/site\/wp-json\/wp\/v2\/comments?post=2966"}],"wp:featuredmedia":[{"embeddable":true,"href":"https:\/\/hidrotecni-k.com.ar\/site\/wp-json\/wp\/v2\/media\/2967"}],"wp:attachment":[{"href":"https:\/\/hidrotecni-k.com.ar\/site\/wp-json\/wp\/v2\/media?parent=2966"}],"wp:term":[{"taxonomy":"product_brand","embeddable":true,"href":"https:\/\/hidrotecni-k.com.ar\/site\/wp-json\/wp\/v2\/product_brand?post=2966"},{"taxonomy":"product_cat","embeddable":true,"href":"https:\/\/hidrotecni-k.com.ar\/site\/wp-json\/wp\/v2\/product_cat?post=2966"},{"taxonomy":"product_tag","embeddable":true,"href":"https:\/\/hidrotecni-k.com.ar\/site\/wp-json\/wp\/v2\/product_tag?post=2966"}],"curies":[{"name":"wp","href":"https:\/\/api.w.org\/{rel}","templated":true}]}}