{"id":18898,"date":"2024-11-01T10:39:53","date_gmt":"2024-11-01T13:39:53","guid":{"rendered":"https:\/\/hidrotecni-k.com.ar\/site\/?post_type=product&#038;p=18898"},"modified":"2024-11-01T10:39:56","modified_gmt":"2024-11-01T13:39:56","slug":"tobera-emergente-de-4-pulg-para-rosca-hembra","status":"publish","type":"product","link":"https:\/\/hidrotecni-k.com.ar\/site\/producto\/tobera-emergente-de-4-pulg-para-rosca-hembra\/","title":{"rendered":"Tobera Emergente de 4 Pulg para rosca hembra"},"content":{"rendered":"<p>Esta l\u00ednea tiene un perfil estrecho para adaptarse f\u00e1cilmente a los sistemas existentes. Son ideales para regar c\u00e9spedes peque\u00f1os, cubiertas vegetales y arbustos con acceso estrecho a los aspersores.<br \/>\nPosee un resorte de acero inoxidable que ofrece una retracci\u00f3n del v\u00e1stago en todas las condiciones de trabajo y tipos de suelo. Adem\u00e1s tiene una junta autolimpiante de gran resistencia, que garantiza un funcionamiento sin fugas y una emergencia total incluso en situaciones de baja presi\u00f3n.<br \/>\nEsta tobera es resistente, confiable y est\u00e1 disponible en una amplia selecci\u00f3n de tama\u00f1os para una flexibilidad \u00f3ptima. La emergencia y retracci\u00f3n son una parte importante para el mantenimiento del paisaje verde.<\/p>\n<p><strong>Especificaciones t\u00e9cnicas:<\/strong> <\/p>\n<li>Disponible en modelos de 2\u2033 (5 cm) y 4\u2033 (10 cm)<\/li>\n<li>Presi\u00f3n de trabajo: \u2013 1,37 a 3,45 bares.<\/li>\n<li>Caudal: \u2013 0,11 \u2013 1,23 m3\/h.<\/li>\n<li>Entrada: \u2013 Rosca hembra de 1\/2\u2033.<\/li>\n","protected":false},"excerpt":{"rendered":"<p>Esta l\u00ednea tiene un perfil estrecho para adaptarse f\u00e1cilmente a los sistemas existentes. Son ideales para regar c\u00e9spedes peque\u00f1os, cubiertas vegetales y arbustos con acceso estrecho a los aspersores.<br \/>\nPosee un resorte de acero inoxidable que ofrece una retracci\u00f3n del v\u00e1stago en todas las condiciones de trabajo y tipos de suelo. Adem\u00e1s tiene una junta autolimpiante de gran resistencia, que garantiza un funcionamiento sin fugas y una emergencia total incluso en situaciones de baja presi\u00f3n.<\/p>\n","protected":false},"featured_media":18899,"comment_status":"open","ping_status":"closed","template":"","meta":[],"product_brand":[],"product_cat":[67,70,65],"product_tag":[],"class_list":{"0":"post-18898","1":"product","2":"type-product","3":"status-publish","4":"has-post-thumbnail","6":"product_cat-aspersion","7":"product_cat-parques-y-jardines","8":"product_cat-riego","10":"first","11":"instock","12":"shipping-taxable","13":"product-type-simple"},"_links":{"self":[{"href":"https:\/\/hidrotecni-k.com.ar\/site\/wp-json\/wp\/v2\/product\/18898","targetHints":{"allow":["GET"]}}],"collection":[{"href":"https:\/\/hidrotecni-k.com.ar\/site\/wp-json\/wp\/v2\/product"}],"about":[{"href":"https:\/\/hidrotecni-k.com.ar\/site\/wp-json\/wp\/v2\/types\/product"}],"replies":[{"embeddable":true,"href":"https:\/\/hidrotecni-k.com.ar\/site\/wp-json\/wp\/v2\/comments?post=18898"}],"wp:featuredmedia":[{"embeddable":true,"href":"https:\/\/hidrotecni-k.com.ar\/site\/wp-json\/wp\/v2\/media\/18899"}],"wp:attachment":[{"href":"https:\/\/hidrotecni-k.com.ar\/site\/wp-json\/wp\/v2\/media?parent=18898"}],"wp:term":[{"taxonomy":"product_brand","embeddable":true,"href":"https:\/\/hidrotecni-k.com.ar\/site\/wp-json\/wp\/v2\/product_brand?post=18898"},{"taxonomy":"product_cat","embeddable":true,"href":"https:\/\/hidrotecni-k.com.ar\/site\/wp-json\/wp\/v2\/product_cat?post=18898"},{"taxonomy":"product_tag","embeddable":true,"href":"https:\/\/hidrotecni-k.com.ar\/site\/wp-json\/wp\/v2\/product_tag?post=18898"}],"curies":[{"name":"wp","href":"https:\/\/api.w.org\/{rel}","templated":true}]}}