{"id":18435,"date":"2024-10-24T15:59:13","date_gmt":"2024-10-24T18:59:13","guid":{"rendered":"https:\/\/hidrotecni-k.com.ar\/site\/?post_type=product&#038;p=18435"},"modified":"2024-10-24T16:02:08","modified_gmt":"2024-10-24T19:02:08","slug":"aspersor-emergente-de-1-con-radio-de-alcance-de-130-a-205-mts","status":"publish","type":"product","link":"https:\/\/hidrotecni-k.com.ar\/site\/producto\/aspersor-emergente-de-1-con-radio-de-alcance-de-130-a-205-mts\/","title":{"rendered":"Aspersor emergente de 1&#8243; con radio de alcance de 13,0 a 20,5 mts"},"content":{"rendered":"<p>Aspersor ideal para \u00e1reas verdes como campos deportivos, terrenos, parques, plazas entre otras. Es posible ajustar el circulo de giro de forma sectorial o completa. Cuenta con un rango de ajuste total desde los 40\u00b0 hasta los 360\u00b0 girando en rotaci\u00f3n continua.<br \/>\nEste arco de giro es f\u00e1cilmente ajustable con un destornillador de punta plana que se encuentra en la parte superior, pudi\u00e9ndose determinar antes de ser instalado.<br \/>\nEs antivand\u00e1lico, es decir que tiene una memoria de arco que hace que el aspersor vuelva autom\u00e1ticamente a la posici\u00f3n previamente programada, a\u00fan cuando el sector de riego sea alterado.<br \/>\nPosee una amplia selecci\u00f3n de boquillas lo que proporciona la m\u00e1xima flexibilidad en el dise\u00f1o de cada instalaci\u00f3n, y as\u00ed poder alcanzar la Pluviometr\u00eda deseada.<\/p>\n<p><strong>Caracter\u00edsticas:<\/strong><\/p>\n<li>Embolo emergente en Acero Inoxidable (opcional).<\/li>\n<li>Conexi\u00f3n en 1\u2033 BSP.<\/li>\n<li>Radio de alcance:  \u2013 13,0 a 20,5 metros.<\/li>\n<li>Antivand\u00e1lico<\/li>\n<li> Indicador del \u00e1ngulo de arco: Muestra el sector de riego y se indica por una flecha localizada en la parte superior del aspersor.<\/li>\n<li>Presi\u00f3n de trabajo: \u2013 De 2,76 a 6,21 Kg.\/cm2.<\/li>\n<li>Tapa superior con cubierta de caucho: Protege contra las lesiones en campos deportivos y \u00e1reas p\u00fablicas.<\/li>\n<li>Tornillo de ajuste del chorro: Permite reducir el alcance en un 25% sin necesidad de cambiar la boquilla.<\/li>\n<li>V\u00e1lvula antidrenaje preinstalada: Evita el drenaje en el aspersor provocado por desniveles topogr\u00e1ficos.<\/li>\n","protected":false},"excerpt":{"rendered":"<p>Aspersor ideal para \u00e1reas verdes como campos deportivos, terrenos, parques, plazas entre otras. Es posible ajustar el circulo de giro de forma sectorial o completa. Cuenta con un rango de ajuste total desde los 40\u00b0 hasta los 360\u00b0 girando en rotaci\u00f3n continua.<\/p>\n<p><strong>Caracter\u00edsticas:<\/strong><\/p>\n<li>Embolo emergente en Acero Inoxidable (opcional).<\/li>\n<li>Conexi\u00f3n en 1\u2033 BSP.<\/li>\n<li>Radio de alcance:  \u2013 13,0 a 20,5 metros.<\/li>\n<li>Antivand\u00e1lico<\/li>\n<li> Indicador del \u00e1ngulo de arco: Muestra el sector de riego y se indica por una flecha localizada en la parte superior del aspersor.<\/li>\n<li>Presi\u00f3n de trabajo: \u2013 De 2,76 a 6,21 Kg.\/cm2.<\/li>\n<li>Tapa superior con cubierta de caucho: Protege contra las lesiones en campos deportivos y \u00e1reas p\u00fablicas.<\/li>\n<li>Tornillo de ajuste del chorro: Permite reducir el alcance en un 25% sin necesidad de cambiar la boquilla.<\/li>\n<li>V\u00e1lvula antidrenaje preinstalada: Evita el drenaje en el aspersor provocado por desniveles topogr\u00e1ficos.<\/li>\n","protected":false},"featured_media":18436,"comment_status":"open","ping_status":"closed","template":"","meta":[],"product_brand":[],"product_cat":[67,70,65],"product_tag":[],"class_list":{"0":"post-18435","1":"product","2":"type-product","3":"status-publish","4":"has-post-thumbnail","6":"product_cat-aspersion","7":"product_cat-parques-y-jardines","8":"product_cat-riego","10":"first","11":"instock","12":"shipping-taxable","13":"product-type-simple"},"_links":{"self":[{"href":"https:\/\/hidrotecni-k.com.ar\/site\/wp-json\/wp\/v2\/product\/18435","targetHints":{"allow":["GET"]}}],"collection":[{"href":"https:\/\/hidrotecni-k.com.ar\/site\/wp-json\/wp\/v2\/product"}],"about":[{"href":"https:\/\/hidrotecni-k.com.ar\/site\/wp-json\/wp\/v2\/types\/product"}],"replies":[{"embeddable":true,"href":"https:\/\/hidrotecni-k.com.ar\/site\/wp-json\/wp\/v2\/comments?post=18435"}],"wp:featuredmedia":[{"embeddable":true,"href":"https:\/\/hidrotecni-k.com.ar\/site\/wp-json\/wp\/v2\/media\/18436"}],"wp:attachment":[{"href":"https:\/\/hidrotecni-k.com.ar\/site\/wp-json\/wp\/v2\/media?parent=18435"}],"wp:term":[{"taxonomy":"product_brand","embeddable":true,"href":"https:\/\/hidrotecni-k.com.ar\/site\/wp-json\/wp\/v2\/product_brand?post=18435"},{"taxonomy":"product_cat","embeddable":true,"href":"https:\/\/hidrotecni-k.com.ar\/site\/wp-json\/wp\/v2\/product_cat?post=18435"},{"taxonomy":"product_tag","embeddable":true,"href":"https:\/\/hidrotecni-k.com.ar\/site\/wp-json\/wp\/v2\/product_tag?post=18435"}],"curies":[{"name":"wp","href":"https:\/\/api.w.org\/{rel}","templated":true}]}}