{"id":18431,"date":"2024-10-24T15:33:57","date_gmt":"2024-10-24T18:33:57","guid":{"rendered":"https:\/\/hidrotecni-k.com.ar\/site\/?post_type=product&#038;p=18431"},"modified":"2024-10-24T16:03:05","modified_gmt":"2024-10-24T19:03:05","slug":"aspersor-emergente-de-6-7-a-15-3-mts-de-radio","status":"publish","type":"product","link":"https:\/\/hidrotecni-k.com.ar\/site\/producto\/aspersor-emergente-de-6-7-a-15-3-mts-de-radio\/","title":{"rendered":"Aspersor emergente de 3\/4&#8243; con radio de alcance de 6.7 a 15.3 mts"},"content":{"rendered":"<p>Este aspersor es ideal para utilizarse en \u00e1reas verdes y tiene la posibilidad de ajustar el circulo de giro de forma sectorial o completa. Cuenta con un rango de ajuste total desde los 40\u00b0 hasta los 360\u00b0 girando en rotaci\u00f3n continua.<br \/>\nEste arco de giro es f\u00e1cilmente ajustable con un destornillador de punta plana que se encuentra en la parte superior, pudi\u00e9ndose determinar antes de ser instalado.<br \/>\nEs antivand\u00e1lico, es decir que tiene una memoria de arco que hace que el aspersor vuelva autom\u00e1ticamente a la posici\u00f3n previamente programada, a\u00fan cuando el sector de riego sea alterado.<br \/>\nPosee una amplia selecci\u00f3n de boquillas lo que proporciona la m\u00e1xima flexibilidad en el dise\u00f1o de cada instalaci\u00f3n, y as\u00ed poder alcanzar la Pluviometr\u00eda deseada.<\/p>\n<p><strong>Caracter\u00edsticas:<\/strong><\/p>\n<ul>\n<li>Indicador del \u00e1ngulo de arco: Muestra el sector de riego y se indica por una flecha localizada en la parte superior del aspersor.<\/li>\n<li> Conexi\u00f3n a 3\/4\u2033<\/li>\n<li> Antivand\u00e1lico<\/li>\n<li> Radio de alcance:  \u2013 6,7 a 15,3 metros.<\/li>\n<li> Presi\u00f3n de trabajo: \u2013 De 2,00 a 5,00 Kg.\/cm2<\/li>\n<li> Tornillo de ajuste del chorro: Permite reducir el alcance en un 25% sin necesidad de cambiar la boquilla.<\/li>\n<li> Tapa superior de caucho: Reduce la posibilidad de lesiones f\u00edsicas.<\/li>\n","protected":false},"excerpt":{"rendered":"<p>Este aspersor es ideal para utilizarse en \u00e1reas verdes y tiene la posibilidad de ajustar el circulo de giro de forma sectorial o completa. Cuenta con un rango de ajuste total desde los 40\u00b0 hasta los 360\u00b0 girando en rotaci\u00f3n continua.<br \/>\n<strong>Caracter\u00edsticas:<\/strong><\/p>\n<ul>\n<li>Indicador del \u00e1ngulo de arco: Muestra el sector de riego y se indica por una flecha localizada en la parte superior del aspersor.<\/li>\n<li> Conexi\u00f3n a 3\/4\u2033<\/li>\n<li> Antivand\u00e1lico<\/li>\n<li> Radio de alcance:  \u2013 6,7 a 15,3 metros.<\/li>\n<li> Presi\u00f3n de trabajo: \u2013 De 2,00 a 5,00 Kg.\/cm2<\/li>\n<li> Tornillo de ajuste del chorro: Permite reducir el alcance en un 25% sin necesidad de cambiar la boquilla.<\/li>\n<li> Tapa superior de caucho: Reduce la posibilidad de lesiones f\u00edsicas.<\/li>\n","protected":false},"featured_media":18432,"comment_status":"open","ping_status":"closed","template":"","meta":[],"product_brand":[],"product_cat":[67,70,65],"product_tag":[],"class_list":{"0":"post-18431","1":"product","2":"type-product","3":"status-publish","4":"has-post-thumbnail","6":"product_cat-aspersion","7":"product_cat-parques-y-jardines","8":"product_cat-riego","10":"first","11":"instock","12":"shipping-taxable","13":"product-type-simple"},"_links":{"self":[{"href":"https:\/\/hidrotecni-k.com.ar\/site\/wp-json\/wp\/v2\/product\/18431","targetHints":{"allow":["GET"]}}],"collection":[{"href":"https:\/\/hidrotecni-k.com.ar\/site\/wp-json\/wp\/v2\/product"}],"about":[{"href":"https:\/\/hidrotecni-k.com.ar\/site\/wp-json\/wp\/v2\/types\/product"}],"replies":[{"embeddable":true,"href":"https:\/\/hidrotecni-k.com.ar\/site\/wp-json\/wp\/v2\/comments?post=18431"}],"wp:featuredmedia":[{"embeddable":true,"href":"https:\/\/hidrotecni-k.com.ar\/site\/wp-json\/wp\/v2\/media\/18432"}],"wp:attachment":[{"href":"https:\/\/hidrotecni-k.com.ar\/site\/wp-json\/wp\/v2\/media?parent=18431"}],"wp:term":[{"taxonomy":"product_brand","embeddable":true,"href":"https:\/\/hidrotecni-k.com.ar\/site\/wp-json\/wp\/v2\/product_brand?post=18431"},{"taxonomy":"product_cat","embeddable":true,"href":"https:\/\/hidrotecni-k.com.ar\/site\/wp-json\/wp\/v2\/product_cat?post=18431"},{"taxonomy":"product_tag","embeddable":true,"href":"https:\/\/hidrotecni-k.com.ar\/site\/wp-json\/wp\/v2\/product_tag?post=18431"}],"curies":[{"name":"wp","href":"https:\/\/api.w.org\/{rel}","templated":true}]}}